55 - 12 - 4 - -65?
-6
What is -18 + -28 + 22 + 86 + 6?
68
Evaluate -8 + (-14 + -8 - (8 + -59)).
21
Calculate 4 - 14 - (-11 - 6) - (1 - 2).
8
Calculate (-1 - 12 - 3) + 2 + 22.
8
Calculate -3 - (29 - (-14 - -45) - 30).
29
(64 - (-16 - 114)) + -82
112
-3 + -5 + (10 - -10) + (20 - 66) + -19
-53
11 + 47 + -53 - (-11 - (0 - 2)) - -12
26
What is -60 - -56 - 12 - (-3 - 19) - 86?
-80
(-17 - 19) + 73 - 143 - 10
-116
10 + -162 + 149 + -85
-88
(67 - 49 - -4) + 43 + 6
71
(31 - (70 + -22 + 13)) + 3
-27
Evaluate -145 + 91 - (2 + -4 + -10).
-42
Evaluate -26 + 25 - (-7 + -12 + 17).
1
Evaluate -457 + 476 - (-2 + (5 - 60)).
76
What is the value of (-18 - -110 - -3) + (19 + -13 - (-1 + 4))?
98
Evaluate 33 + (12 - 1) + (7 - 2) + -8.
41
What is the value of 3 + (-2 - (-1 + -6 + 29 + 4))?
-25
Calculate (36 - (-50 - -46)) + -6.
34
What is the value of 125 - (50 + 12 - -49)?
14
67 - (-27 - (-53 + -33))
8
What is -5 + 72 + (-40 - 76)?
-49
-936 + 962 + (-1 - -2)
27
Calculate -1 + -48 - (421 - 433).
-37
What is (25 - 4 - 31 - -35) + -62?
-37
What is -395 - -372 - (4 + -1)?
-26
Calculate (-55 - -60) + 8 + (-4 + 2 - -7).
18
Calculate (45 - 67) + 6 + -3 + -20.
-39
Calculate -53 + 55 - (1 - (-101 + 3) - -2) - -11.
-88
Evaluate -36 + -2 + (0 - (-8 - -9)) + 28 + -31.
-42
What is the value of -60 - (-1 - 13 - (-16 + 62 + -22 - 35))?
-57
Calculate 14 + -22 + (-10 + 31 - 6) - (0 - -104).
-97
Evaluate 100 - (35 - (-93 - -17)).
-11
-2 + -1 + (-326 - -339) + -16
-6
(-67 + 70 - -51) + -85
-31
What is 14 + 12 - (12 - -6) - (14 + 2)?
-8
15 + -111 - -68 - (-3 - 100)
75
-3 + 0 + 11 + -3 + -6 + -20
-21
Evaluate -4929 + 4893 + (-2 - (2 - -3)).
-43
Evaluate (-10 - ((11 - 12) + -58)) + -11.
38
What is the value of -8 + 6 + 3 + -1 + (8 - 89)?
-81
What is the value of (-131 - -80) + 3 + 5?
-43
Calculate (-50 - (-20 + 7 + 5 + (23 - 19))) + 11.
-35
-2 + -1 + 2 + (-55 - -29)
-27
Calculate (5 - (-8 + 18 - 5 - -1)) + 2 - -32.
33
What is the value of (0 + 0 - -2) + 7 + 42 + 1 + 2?
54
What is -7 - ((67 - 214) + 60)?
80
Calculate (-4 - (19 - 31)) + -13 - (1 - 3 - 99).
96
What is the value of -7 + (-2 - -10) + (-2 - -7 - -3 - 79)?
-70
Evaluate (1 - -45) + (0 + -20 - (-5 + 33 + -48)).
46
Calculate -2 + 4 - (-99 - (-5 + -1 + -19)).
76
Evaluate 149 + -88 - 19 - 60.
-18
What is the value of (-4 - -19) + (-147 - -51)?
-81
What is (-4 - (45 - -3)) + -866 + 867?
-51
Calculate -62 + 72 - (-7 - -5).
12
What is -32 + 3 - (-5 - -4 - (15 + -3))?
-16
Evaluate -157 + 51 - -29 - -33.
-44
What is the value of (2067 - 2055) + (-61 - 7)?
-56
-3 - (-38 - ((12 - 7) + 0))
40
Evaluate 111 + -118 - ((2 - (5 + (-7 - -1))) + -4).
-6
Evaluate -9 + 33 + (43 - 29) + 5 + -22.
21
Calculate (14 - 15) + 0 + -16 - 18.
-35
What is 78 + -109 - -42 - (0 + (-1 - (-6 + 2)))?
8
Calculate -251 + 213 - (-3 + -1 + 18).
-52
What is the value of 6083 + -6134 + -1 + 37?
-15
5 - (5 + -12 + 20 - (13 - (14 + -13)))
4
(-91 - -45) + (-88 - -69)
-65
Calculate -61 - -4 - (1537 + -1553).
-41
Calculate 8 - (-21 - -36 - -26).
-33
44 - 95 - (-26 + -6)
-19
Evaluate (-19 - -22) + 3 + -14 + 1 - 3.
-10
Calculate 21 - (15 + (-31 - -11) - -18).
8
Calculate -2 + -1 + 186 + -168 - -9 - 13.
11
Evaluate 2 + (74 - 40) + -16 + -4.
16
Calculate -43 - (86 - (-52 - -129)).
-52
What is the value of 141 - ((-8 + 95 - 92) + -2 + (-2 - -23))?
127
Evaluate -49 + 38 - (-1 - 12) - -8.
10
Evaluate 39 - (-7 - (12 + -31 - -10)) - 11.
26
Calculate 17 + 5 - (30 + -5 - -58).
-61
What is 77 + -1 - ((-10 - (5 - -4)) + 2 + 9)?
84
Calculate -39 - (-3 + (3 + 6 + -7 - (3 - -2))).
-33
Evaluate (-2 - -14) + -17 + -1 + (-16 - 0).
-22
What is the value of 14 - (9 + -2 - (-29 + 24) - 10)?
12
128 + (-30 - (103 + -113))
108
Evaluate (102 - (-2 - -1)) + (-71 - 3 - (-2 - 73)).
104
-10 + -4 + (21 - 10)
-3
-2297 + 2322 + (-3 - -55)
77
Evaluate (-2 - -1) + -1 + 12 + 13 + (47 - -10).
80
Evaluate -33 + 34 + -23 + 17.
-5
Evaluate (16 - 50) + 30 - (-2 - (0 - -5 - -2)).
5
What is 31 - ((-36 - -73) + -24 + 15)?
3
Calculate 13 + -27 + 151 + 0.
137
What is -15 - (-13 - (1 + 47))?
46
What is -6 + (-2 - (9 - 11) - (-7 + 23))?
-22
What is -15 - (-6 - (-12 + -21 + 15 + 7))?
-20
(-30 + 33 - ((-2 - 4) + 2)) + 11
18
Evaluate (4 - 0) + 3 - (68 - (54 - 29)).
-36
Evaluate -125 + 17 + 12 - -53.
-43
Calculate 4 + 13 + -12 + 21 + -8 - (-11 + 1).
28
What is (-86 - 11) + 20 + 24 + 26?
-27
Evaluate 7 - ((-8 - 2) + -14 + (-11 - -28) + 101).
-87
Calculate 9 - (11 - (-56 - 1)) - -21.
-38
What is the value of 41 + (33 - (32 + -5 + -30))?
77
What is (-4 - 5) + (-16 + -11 + 43 - 21)?
-14
Evaluate 78 + 79 + -61 + -152.
-56
What is the value of (0 - 3) + 2 + (78 - 33 - -6)?
50
Evaluate -20 + (52 - 7) + -37 + 1 + 90.
79
What is the value of (-24 - 0 - (26 + -26 + (-38 - -27))) + 124?
111
What is (-17 - 6) + -36 + (-4 - -5 - 3 - -5)?
-56
9 - (-100 + 67 - (-108 + -3))
-69
Calculate -288 + 242 + (2 - -15) + 89.
60
Evaluate 2 + -119 - (0 + 13 + (277 - 301)).
-106
What is the value of -1 + -81 + -1 + (-162 + 262 - 116)?
-99
What is the value of -12 - ((11 - -6) + -38 - -13)?
-4
What is -17 + (-56 + 4 - ((-1 - -21) + -9))?
-80
What is the value of -28 - (45 + -31 + 8 + -1)?
-49
What is -1 + -3 + (-74 - -13) + 17 + -36?
-84
What is 0 + 2 + 26 - (20 + (-32 + 27 - 6))?
19
Evaluate -69 + (6 - (-42 - (45 - 100) - (0 - 7))).
-83
Calculate (-1 - 1) + 30 + (-7 - -14 - -6 - 6).
35
Calculate -2 + 7 + 31 + -22 - -19.
33
Evaluate 8 - ((5 + -3 + -3 - -12) + 41).
-44
Evaluate (1 + -2 - (-54 + 49) - (4 - 8)) + 1.
9
27 + -110 - (-29 + 41)
-95
Evaluate -27 + -58 + 101 + 45.
61
What is -2 - 0 - 0 - -22 - (-90 + (-8 - -94))?
24
Calculate -45 + -23 + 3 + 25 - -4.
-36
-6 - -51 - 6 - (1643 - 1713)
109
Calculate -2 - (-6 + 2 + (83 - 120)).
39
Evaluate (23 + -1 - 4) + -21 + 11 + 17.
25
Evaluate -2 - (7 - 8 - -3) - (11 + (-5 - -7)).
-17
What is -820 + 783 - (1 + -81)?
43
Evaluate -45 + (6 - 2) - (-453 - -453).
-41
Calculate (33 - (1 - -35)) + -4 - (-2 + 2 - -89).
-96
What is the value of 47 + 3 - (21 - -26 - 45)?
48
Evaluate -367 - -408 - (-2 + -3 + 2 - (-1 + -8)).
35
Evaluate 16 + (-13 - -9) + -3 + -17 + 0.
-8
Calculate -2 + 116 - ((-1 - -30) + -10 + -5).
100
15 + (12 - (0 - -1)) + -59 + 11 + 143
121
What is the value of (3 - -6) + 68 + -84 + (1 - 26 - 3)?
-35
-87 - (-118 - -11 - -27)
-7
Evaluate 1 - 48 - (2197 - 2275).
31
(1 - 60) + (14 - ((40 - 20) + -16)) + -6
-55
What is 97 - (46 + (-38 - -80))?
9
-21 - (-48 + -1 - (-747 - -783))
64
What is (152 - (-76 + 106)) + -42?
80
What is -19 + -48 - -135 - 86?
-18
What is the value of 28 - (-28 + 37 - 24)?
43
Calculate (-8 - -4) + -1 - (-111 - -84 - (-1 - 10)).
11
Calculate (-62 - 16) + 59 + 73.
54
What is (-12 - (7 + -11)) + (-7 - -51)?
36
-67 - 1 - (-9 - (21 - 16)) - (10 + -3)
-61
What is the value of 1 + 2 + (-200 + 238 - (13 + 1))?
27
What is the value of (-1163 - -1041) + -11 + 69?
-64
What is the value of -12 + (51 - ((7 - -10) + -5))?
27
-11 - (-96 + 75) - (-4 - 56)
70
Evaluate 121 - 17 - (-76 + 6 - -76).
98
Calculate 12 - ((-1 - 12) + -17 + 9 + 8).
25
-13 - 5 - ((5 - (4 - -3)) + -10)
-6
Calculate (2 - (5 - (3 + -20 + 2))) + 44.
26
-1 + 9 - ((-28 - (-13 + (5 - 5))) + -37)
60
Calculate 66 - (46 + -87 - -187).
-80
Evaluate 6 + (-26 - (41 + -61)).
0
What is (-3 - -29) + (-4 - (7 + 5))?
10
What is 474 + -460 - (-6 + (-3 - 7 - (4 - 4)))?
30
Calculate -7 + 1 + -2 + (1664 - 1645).
11
What is the value of 0 + 4 + 2 + ((-15 - -1) + 64 - 9)?
47
What is the value of -45 + 38 + (18 + -9 - (5 - 0) - 47)?
-50
Evaluate (6 + -17 + 6 - (-4 + -3)) + 3.
5
Calculate 3 - (-1 + 9 + (2 - -2) - -13).
-22
(0 + 46 - -7) + -30 + 22 - 11
34
Evaluate -50 + -10 + (1023 - 1008).
-45
Calculate (-1 - 64) + (6 + (-2 + 17 - 10) - 15).
-69
What is 9 - ((31 - 9) + -51 + 70)?
-32
Calculate -3210 - -3170 - (-21 - (-2 + 3)).
-18
Evaluate 28 + 0 + 15 + (-56 - (-56 + 29)).
14
-2 + -30 + (23 + -3 + 9 - 17)
-20
What is the value of (-7 + 16 - 18) + -1 - -36?
26
-2 + (-9 + (11 + -18 - -36) - (1 - 9))
26
25 - ((-8 - 3) + 73 + 23)
-60
(15 + -15 - 10) + 29 - -90
109
Calculate -1 - 1 - (-16 - 0) - (332 + 11 + -402).
73
What is the value of -129 + -87 + 94 + 136?
14
What is -90 + (-67 - -105) + -8?
-60
Evaluate (84 - (9 - -26)) + -74 + (18 - 1).
-8
What is the value of (-25 - 24) + (12 - -40)?
3
Evaluate -4 - -8 - -2 - (92 + -18).
-68
What is (0 - (2 - 9)) 